 common divisor of o and 2580.
60
Suppose m - 29*a + 24*a - 26 = 0, -5*m + 74 = -11*a. Calculate the greatest common factor of m and 99.
3
Let y = 3 - -33. Let k = -701 + 718. Suppose 3*o - k*o = -1512. Calculate the highest common divisor of o and y.
36
Let u be -97 + (2 - (5 + 0)). Let r = -25 - u. Suppose -2*a = -4*q + 2*q - 30, 5*a + 4*q - 75 = 0. What is the greatest common divisor of a and r?
15
Suppose 21*v = 72149 + 106771. Calculate the highest common factor of 60 and v.
60
Let o be (-4)/18 - (4 - 96/(-54)). Let n(p) = 7*p**2 - 14*p + 8. Let z be n(o). What is the highest common factor of z and 43?
43
Let n(g) = -36*g**3 + 5*g**2 + 224*g + 1139. Let c be n(-5). Calculate the highest common factor of 946 and c.
86
Let p(f) = 51*f - 694. Let n be p(29). What is the greatest common divisor of 157 and n?
157
Let h(s) = -54*s + 3122. Let z be h(-9). What is the greatest common factor of z and 352?
88
Let y(m) = 67*m + 6. Let f be y(5). Let d(b) = 4*b**2 - 22*b - 9. Let o be d(-7). Suppose 0*i - o = -11*i. Calculate the greatest common divisor of f and i.
31
Suppose -6 = -s - 12. Let r be (-2 + 2 + s)*(0 + -7). Calculate the highest common factor of r and 63.
21
Suppose 27*c - 2157 = -348. Suppose -2*t + 3*f + 110 = 0, -15 - 37 = -t + 3*f. Let u = c - t. Calculate the greatest common factor of u and 27.
9
Let c be ((-6)/(-4))/(2 - (-3)/(-2)). Let f be -8*c/6 - -87. Let l = -74 + f. Calculate the greatest common divisor of l and 27.
9
Let b = -41 + 294. Suppose 4*t + 0*t = -k - 9, 4*k = -4*t. Suppose r - 33 = -2*m, -5*m = -k*r + 13 + 31. What is the greatest common factor of b and r?
23
Let k(f) = 91*f - 562. Let x be k(6). Let o = 33 + x. Suppose -l = 2, 0 = 4*i + l - 92 + 26. Calculate the greatest common factor of o and i.
17
Let q = -49 - -49. Suppose -4*k - 2*o = -8, 12 = -2*k - q*k - 5*o. Suppose -k*v - 2 = -i, -i = 6*v - v - 38. Calculate the greatest common divisor of i and 9.
9
Let b be (-6)/8 - (-118)/8. Suppose -5*n + 31 = -4*y, -n = y + 2*y + 9. Let r be 3/(-2)*(-8)/n - -122. What is the greatest common divisor of b and r?
14
Let v = 5033 + -4802. What is the highest common divisor of 825 and v?
33
Let h(i) = -i**3 - 7*i**2 + 18*i + 3. Let x = -17 - -3. Let a be (-3)/6 + 119/x. Let o be h(a). What is the greatest common divisor of o and 39?
3
Suppose 0 = -4*q - 3*c + 704, 28*c + 499 = 3*q + 23*c. Suppose q = 14*r - 457. Calculate the greatest common factor of r and 405.
45
Suppose 0 = -h, 3*h = 4*u - 3*u - 4. Suppose -1 + 9 = u*a - 3*n, -3*a + n + 6 = 0. Calculate the highest common divisor of a and 2.
2
Suppose -2*h - 4*m + 40 = 0, 0*m - m + 80 = 3*h. Let k(c) = 859*c - 3072. Let i be k(4). Calculate the highest common divisor of i and h.
28
Let z be (-4)/(-9) + (-2232)/(-81). Let m be (6/8)/(1/(-4)). Let x be (m/2)/((-24)/1120). What is the highest common divisor of x and z?
14
Let w(u) be the first derivative of -u**3 + 15*u**2/2 + 3*u + 15. Let d be w(5). What is the greatest common divisor of d and 4?
1
Let k be (16 - -119)*((-40)/25)/(-4). What is the highest common divisor of k and 333?
9
Let p = 61 - 56. Let n(x) = 2*x - 12. Let l be n(7). Suppose -86 = -2*k - l*k + p*b, -2*k + 3*b + 44 = 0. Calculate the highest common factor of k and 95.
19
Let z be 5 - (5 + -10 + -3*(-16)/(-12)). What is the greatest common divisor of z and 1498?
14
Suppose -11449 = 16*o + 1639. Let x = 1430 + o. Calculate the greatest common divisor of x and 9.
9
Let j = 33 + -32. Let b be j - -5 - (2 + -2). Let p = 22 - b. What is the highest common divisor of p and 8?
8
Suppose y = 3*y - 34. Let x = -319 + 319. Suppose -5*r + 223 + 542 = x. What is the highest common factor of y and r?
17
Suppose -3*p = -3*o - 336, 128 = p + 4*o - 9. What is the greatest common factor of p and 9?
9
Let q = 12073 - 12055. Calculate the highest common factor of q and 24498.
18
Suppose -a = -2*t - 35, 0 = 65*a - 60*a + 2*t - 151. Suppose j + j - 186 = 0. What is the greatest common divisor of j and a?
31
Let d be 251/5 - (-4)/(-20). Let b be 10/d*(-10)/(-2) - -80. Calculate the highest common factor of 18 and b.
9
Let p be 8 + (-5)/(-5)*-4. Suppose -2*q - 2*g + 4 = -4*q, p*q + 2*g = 22. What is the highest common divisor of q and 24?
3
Suppose -4*c + 27 = -3*w, -c - 7*w - 2 = -6*w. Suppose 204 = 15*v - c*v. Calculate the highest common divisor of v and 1.
1
Let a be ((-242)/(-11))/(-44)*1/2*-208. Suppose 30 = 5*q + 5*i, q = -2*i - 1 + 9. What is the greatest common divisor of a and q?
4
Suppose 207 = 4*x + 5*l, -3*x - 2*x + 243 = l. Suppose 4*u + 9 = 97. Suppose 5*j = -u + 82. What is the greatest common factor of j and x?
12
Suppose 3*j = 2*j + 13. Suppose 30 = -4*z + 2*z + 3*l, 0 = -3*z - 4*l - 28. Let d be (z - 1)*(-7)/7. Calculate the greatest common factor of d and j.
13
Let p = -120 + 133. Suppose -2*u + 5*d = -2171, 9*d = -u + p*d + 1084. Calculate the greatest common divisor of 34 and u.
34
Let f = -2943 + 3394. Suppose -5*h + 10 = -45. What is the greatest common divisor of h and f?
11
Let q = 70 + -8. Suppose q*y = 79*y - 136. What is the greatest common factor of y and 5?
1
Let q(v) = 31*v - 43. Let t be q(-4). Let o be (-5 - 0)*-1 - t. What is the greatest common factor of 43 and o?
43
Let s = 418 + -395. Let b(l) = -79*l - 27. Let h be b(-5). What is the highest common factor of s and h?
23
Let q(r) = 2*r**2 - 3 + 3*r**2 + 1 + 4*r**3 - 739*r + 735*r. Let t be q(2). Calculate the highest common factor of t and 24.
6
Suppose -471 - 2679 = -14*m. Suppose 16*b - m - 31 = 0. Calculate the highest common factor of 16 and b.
16
Let b(t) = -328*t**3 - 3*t**2 + 46*t + 131. Let s be b(-3). What is the highest common divisor of 44 and s?
22
Suppose 5*d - 2*g - 20289 = 0, -35*d = -32*d + 4*g - 12189. Calculate the highest common divisor of 41 and d.
41
Let z be (-9)/(-3) - 2 - 40/(-5). Suppose 3*w = z*w - 6. Let y be (2/(w/1))/(-1 - -3). Calculate the greatest common divisor of y and 8.
1
Suppose -14*r - 14*r = 3*r - 12586. What is the highest common factor of r and 476?
14
Let p be -356 + 7889 - (-36)/2. Calculate the highest common factor of 9 and p.
9
Let s be ((-24)/18)/((-4)/6). Let n be s/(3/(-18)*-3). Let u be ((-78)/273)/((-6)/(-56))*-3. Calculate the highest common divisor of u and n.
4
Let v be ((-9060)/(-2114))/((-3)/(-406)). What is the greatest common factor of v and 740?
20
Let m(p) = p**2 + 15*p + 58. Let z be m(-6). Suppose 0 = -3*s + 6*s - 2*c - 2260, -z*c = 3*s - 2230. What is the highest common factor of s and 30?
30
Suppose 6*n = 5259 - 537. Let z = -748 + n. What is the greatest common divisor of 3 and z?
3
Let m(u) = u**2 - 213*u + 11349. Let k be m(106). Suppose f = -4*f + 385. What is the greatest common divisor of f and k?
7
Suppose -14120 - 11464 = -16*y - 32*y. What is the greatest common factor of y and 13?
13
Let d be (-65)/7 + 6/21. Let c = 72 - d. Let q(k) = k**2 - 88*k + 9. Let h be q(88). Calculate the highest common divisor of h and c.
9
Suppose 60 = 4*k - 160. Let m be k/22*16/10. Suppose -3*p - m*h + 13 = -14, 0 = -2*p - 3*h + 18. What is the greatest common divisor of 144 and p?
9
Suppose 3 = -2*i + 13. Suppose 0*f + i*f = b + 299, 5*b + 55 = f. Let s be (f/2)/(6/4). What is the highest common factor of 5 and s?
5
Suppose -u - 5*t + 484 = 2*u, t - 617 = -4*u. Let z(s) = 14*s**2 + 83*s + 99. Let m be z(-7). Calculate the greatest common divisor of u and m.
51
Let t be (-4)/(-46) + -3 + (-16408)/(-161). Calculate the highest common factor of 231 and t.
33
Let s(i) = 3*i - 54. Let k be s(19). Suppose 4*m + 241 = 4*h + 65, -3*h - k*m = -108. What is the highest common factor of h and 200?
40
Suppose -o = -3*s - 3256, -6*s - 13072 = -4*o - 10*s. Suppose -5*l + 4*c + o = 0, 1098 = 3*l + 2*c - 839. Calculate the greatest common factor of 59 and l.
59
Let a(j) = 3*j + 100. Let d be a(-19). Suppose -h - 41 = q, 0 = -5*h - 0*q + 2*q - 170. Let r = h + d. What is the highest common divisor of r and 91?
7
Suppose 0*s + 21 = 3*s. Suppose -s*m = -2*m. Let x = m + 28. What is the greatest common factor of 224 and x?
28
Let h(k) = -73*k + 2359. Let r be h(32). What is the greatest common divisor of r and 8809?
23
Let r be 2075370/475 + 3/(-15). What is the greatest common factor of r and 153?
17
Let f = 2467 - 1759. What is the greatest commo